{"id":2429,"date":"2024-08-13T09:14:49","date_gmt":"2024-08-13T09:14:49","guid":{"rendered":"http:\/\/www.hotel-hauensteiner-hof.de\/?page_id=2429"},"modified":"2024-08-13T09:15:18","modified_gmt":"2024-08-13T09:15:18","slug":"agb","status":"publish","type":"page","link":"https:\/\/www.hotel-hauensteiner-hof.de\/?page_id=2429","title":{"rendered":"AGB"},"content":{"rendered":"<div class=\"fusion-fullwidth fullwidth-box fusion-builder-row-1 fusion-flex-container nonhundred-percent-fullwidth non-hundred-percent-height-scrolling\" style=\"--awb-background-position:left top;--awb-border-sizes-top:0px;--awb-border-sizes-bottom:0px;--awb-border-sizes-left:0px;--awb-border-sizes-right:0px;--awb-border-radius-top-left:0px;--awb-border-radius-top-right:0px;--awb-border-radius-bottom-right:0px;--awb-border-radius-bottom-left:0px;--awb-padding-top:70px;--awb-padding-bottom:40px;--awb-flex-wrap:wrap;\" ><div class=\"fusion-builder-row fusion-row fusion-flex-align-items-flex-start fusion-flex-content-wrap\" style=\"max-width:calc( 1170px + 0px );margin-left: calc(-0px \/ 2 );margin-right: calc(-0px \/ 2 );\"><div class=\"fusion-layout-column fusion_builder_column fusion-builder-column-0 fusion_builder_column_1_1 1_1 fusion-flex-column fusion-flex-align-self-flex-start fusion-column-no-min-height\" style=\"--awb-bg-blend:overlay;--awb-bg-size:cover;--awb-width-large:100%;--awb-margin-top-large:0px;--awb-spacing-right-large:0px;--awb-margin-bottom-large:0px;--awb-spacing-left-large:0px;--awb-width-medium:100%;--awb-spacing-right-medium:0px;--awb-spacing-left-medium:0px;--awb-width-small:100%;--awb-spacing-right-small:0px;--awb-spacing-left-small:0px;\"><div class=\"fusion-column-wrapper fusion-flex-justify-content-flex-start fusion-content-layout-column\"><div class=\"fusion-text fusion-text-1\"><div class=\"twelve columns\">\n<div class=\"row\">\n<div class=\"twelve columns b0\">\n<div class=\"page-title-wrapper\">\n<p class=\"page-title left\"><strong>Allgemeine Gesch\u00e4ftsbedingungen<\/strong><\/p>\n<\/div>\n<\/div>\n<\/div>\n<div class=\"row\">\n<div class=\"twelve columns\">\n<p><span class=\"underline\"><strong>Stornovereinbahrungen<\/strong><\/span><\/p>\n<p>Absagen ist f\u00fcr beide Seiten unangenehm.<\/p>\n<p>F\u00fcr Sie weil Ihnen etwas dazwischen gekommen ist und f\u00fcr uns weil wir das Zimmer nicht vermieten k\u00f6nnen.<\/p>\n<p>Wer sein Hotelzimmer nicht bezieht, muss laut Gesetz dennoch zahlen \u2013 oder auf Kulanz hoffen<\/p>\n<p>13 Grad, Regen \u2013 keine optimalen Bedingungen f\u00fcr einen Wanderurlaub in der Pfalz. Also gar nicht erst losfahren? Wer sein Hotelzimmer oder Ferienhaus jedoch schon vor ein paar Wochen bestellt hat, sollte sich gr\u00fcndlich \u00fcberlegen, ob er daheim bleibt. \u00bbGebucht ist gebucht\u00ab, sagt J\u00fcrgen Benad, Leiter der Rechtsabteilung des Deutschen Hotel- und Gastst\u00e4ttenverbands (Dehoga). Und das bedeutet: Die Stornierung kostet Geld. Dabei ist es gleichg\u00fcltig, aus welchem Grund abgesagt wird, ob wegen Krankheit, Unfall oder weil der Sturm das eigene Hausdach abgedeckt hat.<\/p>\n<p>\u00bbViele Urlauber sind sich anscheinend nicht dar\u00fcber im Klaren\u00ab, meint J\u00fcrgen Benad, \u00bbdass eine Hotelbuchung ein rechtlich bindender Vertrag ist und wundern sich, wenn sie nach ihrer Absage eine Stornorechnung im Briefkasten haben.\u00ab Denn der Vertrag gilt, gleichg\u00fcltig, ob das Zimmer telefonisch, per Fax oder E-Mail bestellt wurde. Auch eine fr\u00fchzeitige Stornierung entlastet den Gast nicht. \u00bbNur wenn der Hotelbesitzer das Zimmer in der gleichen Preiskategorie weitervermieten kann, darf er keine Stornogeb\u00fchren verlangen Ansonsten kann der Hotelier f\u00fcr eine stornierte Buchung laut Gesetz den vollen Zimmerpreis abz\u00fcglich der \u00bbersparten Aufwendungen\u00ab von seinem Gast verlangen. Der Dehoga empfiehlt den Hotels, bei der Berechnung der Stornogeb\u00fchren die \u00bbersparten Aufwendungen\u00ab pauschal vom Zimmerpreis abzuziehen: Ein Gast, der nur \u00dcbernachtung mit Fr\u00fchst\u00fcck gebucht hat, muss dann 80 Prozent zahlen, 70 ?i Halbpension. \u00bbMir ist kein Fall bekannt, bei dem ein Hotelgast vor Gericht geringere Zahlungen erwirken konnte\u00ab, sagt Benad.<\/p>\n<p>Manche Hotels r\u00e4umen ihren G\u00e4sten jedoch gro\u00dfz\u00fcgigere Stornierungsm\u00f6glichkeiten ein. \u00bbAber das ist reine Kulanz\u00ab, warnt J\u00fcrgen Benad, \u00bbwird nicht explizit darauf verwiesen, muss man von den gesetzlichen Regelungen ausgehen. \u00bb\u00c4hnlich wie bei Fluggesellschaften haben wir je nach Tarif, Buchungssituation und Saison unterschiedliche Regelungen\u00ab, sagt Anke Cimbal, Sprecherin der Hotelkette. Gerade bei g\u00fcnstigen Fr\u00fchbucherangeboten sei die kostenlose Stornierung ausgeschlossen.\u00a0 Der Gast muss also jedes Mal genau hinschauen, bevor er absagt.<br \/>\nUm einen eventuellen sp\u00e4teren Streit zu vermeiden, empfiehlt er bereits bei der Buchung eine pers\u00f6nliche Absprache zu treffen und sich diese schriftlich best\u00e4tigen zu lassen oder eine Reiser\u00fccktritt Versicherung abzuschlie\u00dfen.<\/p>\n<\/div>\n<\/div>\n<\/div>\n<\/div><\/div><\/div><\/div><\/div>\n","protected":false},"excerpt":{"rendered":"","protected":false},"author":2,"featured_media":0,"parent":0,"menu_order":0,"comment_status":"open","ping_status":"open","template":"100-width.php","meta":{"footnotes":""},"class_list":["post-2429","page","type-page","status-publish","hentry"],"_links":{"self":[{"href":"https:\/\/www.hotel-hauensteiner-hof.de\/index.php?rest_route=\/wp\/v2\/pages\/2429","targetHints":{"allow":["GET"]}}],"collection":[{"href":"https:\/\/www.hotel-hauensteiner-hof.de\/index.php?rest_route=\/wp\/v2\/pages"}],"about":[{"href":"https:\/\/www.hotel-hauensteiner-hof.de\/index.php?rest_route=\/wp\/v2\/types\/page"}],"author":[{"embeddable":true,"href":"https:\/\/www.hotel-hauensteiner-hof.de\/index.php?rest_route=\/wp\/v2\/users\/2"}],"replies":[{"embeddable":true,"href":"https:\/\/www.hotel-hauensteiner-hof.de\/index.php?rest_route=%2Fwp%2Fv2%2Fcomments&post=2429"}],"version-history":[{"count":1,"href":"https:\/\/www.hotel-hauensteiner-hof.de\/index.php?rest_route=\/wp\/v2\/pages\/2429\/revisions"}],"predecessor-version":[{"id":2430,"href":"https:\/\/www.hotel-hauensteiner-hof.de\/index.php?rest_route=\/wp\/v2\/pages\/2429\/revisions\/2430"}],"wp:attachment":[{"href":"https:\/\/www.hotel-hauensteiner-hof.de\/index.php?rest_route=%2Fwp%2Fv2%2Fmedia&parent=2429"}],"curies":[{"name":"wp","href":"https:\/\/api.w.org\/{rel}","templated":true}]}}